) = i - 5. Let k(d) = -2*d + 10. Let u(c) = -5*g(c) - 3*k(c). Determine u(0).
-5
Let c(n) be the second derivative of -n**7/2520 + n**5/60 - n**4/2 - n. Let v(u) be the third derivative of c(u). Calculate v(2).
-2
Let k(s) = 11*s**3 - 15*s**2 - 15*s - 6. Let v(d) = 5*d**3 - 7*d**2 - 7*d - 3. Let h(q) = 6*k(q) - 13*v(q). Give h(0).
3
Let l(v) = v - 17. Let k = -80 + 93. Give l(k).
-4
Let a(x) = 3 + 0*x**2 - 2*x**2 + x**2 + 3*x - x. Give a(-2).
-5
Let f(z) be the second derivative of -z**5/4 - z**4/12 - z**3/6 + z**2/2 - 5*z. What is f(1)?
-6
Suppose 11*u - u - 40 = 0. Let t(p) be the second derivative of -1/12*p**u - p**3 - 3*p - 3*p**2 + 0. What is t(-4)?
2
Let d(g) = -3*g**2 + 6*g - 3. Let j(p) = -7*p**2 + 13*p - 7. Let n(c) = 5*d(c) - 2*j(c). Let a be -1*1/(1/(-5)). Determine n(a).
-6
Let j(b) = 5*b**2 + 2*b - 5. Let y(v) = -4*v**2 - 2*v + 4. Let i(l) = 3*j(l) + 4*y(l). Let r(k) be the first derivative of i(k). Determine r(-5).
8
Let c(k) be the first derivative of k**3/3 + 4*k**2 + 7*k - 6. Determine c(-6).
-5
Let r(q) be the first derivative of q**2/2 + 9*q - 19. What is r(-6)?
3
Let m(w) = -w**3 - 11*w**2 - 5*w - 7. Let r be m(-11). Let k be (3/6)/((-4)/r). Let z(n) = n**2 + 4*n - 6. Give z(k).
6
Let u(o) = -4*o**2 - 3*o**2 + 1 + 8*o**2. Calculate u(0).
1
Let b = 2 - 0. Let i(s) = -2*s + 2 - 2*s**2 + s**3 - 1 + s**2 + s. What is i(b)?
3
Let u(s) be the second derivative of 3/2*s**2 - 2*s + 0 + 1/12*s**4 + 1/20*s**5 - 1/2*s**3. Calculate u(-3).
-6
Let f be (1 - 1)/(0 + 2). Suppose -2 = 2*w - f. Let p(l) = 2*l**3 - 2*l - 1. Give p(w).
-1
Let x(d) = 5 + 1 - d + 0*d. Let p(l) = l**3 + 7*l**2 + 5*l + 2. Let t be p(-6). Let o(f) = -f**3 + 9*f**2 - 7*f - 4. Let m be o(t). Give x(m).
2
Let f(r) = -r**2 - 8*r + 9. Let j be f(-8). Let o(l) = -l - j + 13 + 1. What is o(0)?
5
Suppose 16 + 2 = 9*x. Let w(q) be the second derivative of q**6/360 - q**5/120 - q**4/12 + q. Let h(l) be the third derivative of w(l). Determine h(x).
3
Let a(x) = x - 7. Let w(u) = 2*u - 13. Let l(v) = 5*a(v) - 3*w(v). What is l(3)?
1
Let i(c) = c - 3. Let l be i(3). Suppose l = -3*y + 10 - 1. Suppose 30 = -y*q - 2*q. Let o(p) = p**3 + 6*p**2 + 2*p + 8. Determine o(q).
-4
Let i be ((-6)/2)/(6/(-4)). Let x(c) = -26*c**3 + 2*c + 72*c**3 + c - 2 - 5*c**2 - 25*c**3 - 20*c**3. Determine x(i).
-8
Let m(g) = 5*g**2 - 6 - 3*g**3 + 35*g - 3*g**3 + 5*g**3 - 28*g. Suppose -u - 2 = 0, 3*i + 3*u = -i + 18. Calculate m(i).
0
Let v(p) = 3*p**3 - 6*p**2 - 5*p - 3. Let j(l) = -2*l**3 + 5*l**2 + 4*l + 2. Let i(m) = -4*j(m) - 3*v(m). Give i(-2).
3
Let f(s) = -s**2 - 5*s - 1. Suppose z + 8 = -z. Let t = -28 + 20. Let x = t - z. Determine f(x).
3
Let t(h) be the second derivative of 3*h**5/10 - h**4/12 + 4*h. Give t(-1).
-7
Let f be (-8)/(-6)*6/4. Let w(m) = 5*m**2 + m**2 - 5*m**2 - f*m. What is w(2)?
0
Suppose -h - 3 = -2*h. Suppose w - 4 = -h*n, 4*n - 34 = n + 5*w. Let m(k) = -4*k**2 + 5*k - 4*k + n*k**2. What is m(-1)?
-2
Let g(x) = -3*x**2 + 6*x + 9. Let c(m) = -13*m**2 + 24*m + 35. Let w(b) = -2*c(b) + 9*g(b). What is w(8)?
-5
Let d(f) = -f**2 + f + 4. Let g = 17 - 13. Suppose 0 = -2*t - 5*k + 17, k - 13 - g = 3*t. Calculate d(t).
-16
Let h(l) = -10*l - 19*l**2 + 6*l**2 - 17*l**2 - 3. Let m(w) = -20*w**2 - 7*w - 2. Let b(i) = -5*h(i) + 7*m(i). What is b(-1)?
10
Let j(q) = 5*q + 7. Let w(p) = -28 - 14*p + 8 + 0. Let v(i) = 17*j(i) + 6*w(i). Calculate v(-4).
-5
Suppose -5*l - 4 - 6 = 0. Let u be 3/2 + l/(-4). Let n(o) = 2*o**2 - 2*o + 1. Determine n(u).
5
Let m be 7 - (-371)/(-28) - 2/(-8). Let r(s) = -s - 7. Determine r(m).
-1
Let q(x) = -1. Let v(s) = 5*s + 2. Let k(i) = -q(i) - v(i). Suppose 5*c = 4*r + 11, 2*c + 2*c = 5*r + 7. Suppose 0 = 3*a - 2*a + r. Calculate k(a).
4
Let z(d) = 53*d**2 - 5*d - 101*d**2 + 4 + 47*d**2. What is z(-6)?
-2
Let n(m) be the first derivative of m**4/8 + m**3/3 + 3*m**2/2 + 3. Let l(j) be the second derivative of n(j). Calculate l(-3).
-7
Let w = -15 - -10. Let g(p) = p**3 + 5*p**2 + p + 2. What is g(w)?
-3
Let p = 49 - 51. Let b(i) be the second derivative of i**5/20 + i**4/4 + i**3/2 + i**2 + i. Give b(p).
0
Let z(l) = -2*l**3 + 2*l + 4. Let k(g) = g**3 - g - 3. Let y(q) = 3*k(q) + 2*z(q). Determine y(-2).
5
Let f(d) = d**3 - 5*d**2 + 7*d - 6. Let u be (-2)/(-8) - (30/(-8))/1. Give f(u).
6
Let k(s) = -s**2 + 17*s + 1 + 20 - 32*s. Let d be k(-16). Let g(b) = -b**3 + 4*b**2 + 6*b - 7. Give g(d).
-2
Let b(a) = -6*a**3 - 24*a**2 + 9*a + 36. Let g(c) = -c**3 - 5*c**2 + 2*c + 7. Let o(w) = -2*b(w) + 11*g(w). Calculate o(6).
-7
Let i(y) = y**3 + 9*y**2 - y - 7. Let s be i(-9). Let h(o) = o - 2. Determine h(s).
0
Let c(n) = -n**2 - 3*n. Let g be 77/21 + 2/6. Let f be (-13)/g - 1/(-4). What is c(f)?
0
Let x be 2/2 - (2 - 2). Let f be (-68)/20 - (-2)/5. Let c be x/f*18/(-2). Let l(w) = 2*w**2 - 4*w + 2. Calculate l(c).
8
Let f(j) = -j**2 + 23*j + 7. Let x be f(23). Let i(g) = -g**3 + 8*g**2 - 7*g + 9. Calculate i(x).
9
Let j(u) = 2*u + 4. Suppose -2*a = a - 105. Suppose 3*y = 5*y + 3*o + a, 4*y + 15 = 5*o. Let v be 4/y + 36/(-10). Calculate j(v).
-4
Let o(x) = -3*x**3 - 6*x**2 - x - 1. Let n(f) = f**3 + 3*f**2. Let h(z) = 5*n(z) + 2*o(z). Suppose 5*a + 1 = 16. Give h(a).
-8
Suppose 3*h = h + 4. Let m(t) = h*t + 3 + 0*t + 0*t. Give m(4).
11
Suppose 5*h - 2*k = 3*h - 4, -h - 5 = -4*k. Let i(r) be the first derivative of -2*r**2 + 16. Determine i(h).
4
Let x(v) be the second derivative of v**4/12 - v**2/2 - v. Let b be 6/4 - 2/4. Give x(b).
0
Let g(r) = -r**2 + 9*r - 5. Let v be 14/4*(-7 + 9). Give g(v).
9
Suppose -2*y - 4*j = 10, 0*y = 5*y + 5*j. Let o(b) = 0*b + 0*b + b + 3 - 4 - b**3 + y*b**2. Give o(5).
4
Suppose 20 = -11*k + 7*k. Let t(b) be the third derivative of b**4/24 + 5*b**3/6 - b**2. What is t(k)?
0
Let m(g) = g**2 + 15*g - 34. Let d be m(-17). Let u(h) be the second derivative of h**3/6 - 7*h**2/2 + h. What is u(d)?
-7
Let p = 8 - 1. Suppose -p*z = -4*z - 3. Let k(t) = 11*t**3 + t**2 - 1. Calculate k(z).
11
Let o(f) = -3*f**2 - f + 2. Let j(g) = -16*g**2 - 5*g + 9. Let y(i) = -2*j(i) + 11*o(i). Determine y(-5).
-16
Suppose h + 2*j = 1, -5*h + 2*j + 6 - 1 = 0. Let p(m) = -m**3 + 3*m**2 + 3*m - 2. Let c(r) = 2 + 0 - 2 - r**2. Let q(g) = h*p(g) + 5*c(g). What is q(2)?
-12
Let i(o) = o**2 + 7*o - 12. Let k be i(-9). Let c(l) = -l**2 - 3*l + k*l + 4*l + 2 - 2*l. What is c(6)?
-4
Let o be (-2)/(-3) + (-188)/(-6). Let d be o/(-14) - 6/(-21). Let u be (1/2)/(1/d). Let n(m) = -4*m**2 + 2*m + 1. Determine n(u).
-5
Suppose -1 = -0*l - l. Let v be 4 - 1 - (-1)/l. Suppose 5 = 2*i + p, -p + v*p - 15 = -3*i. Let q(w) = -w + 6. What is q(i)?
6
Let y(r) = 8 - 6 - 4*r + 5*r**2 - 6*r**2. What is y(-5)?
-3
Suppose s + i = -2*s + 13, -i = -1. Let o(t) = -t**3 + 3*t**2 + 5*t - 5. Calculate o(s).
-1
Let r(f) = -2*f - 2. Let v = 72 - 47. Suppose 5*y = -3*h - 23, -h - 5*y = -6*h - v. Let b = h + 3. What is r(b)?
4
Let k = -10 + 20. Suppose 4*r - 10 = k. Let i(q) = -7*q + 9. Let h(n) = 15*n - 19. Let j(v) = -6*h(v) - 13*i(v). Determine j(r).
2
Let x(h) = -91*h + 2*h**2 + 87*h - 3 - h**2 - 3*h**3. Suppose -1 = -5*u + 9. Let m(t) = -7*t**3 + 2*t**2 - 9*t - 7. Let b(v) = u*m(v) - 5*x(v). What is b(2)?
9
Let d(b) = -7*b**2 + 0*b**3 - 32*b + 6 + 30*b + b**3. Calculate d(7).
-8
Let p(l) = -18*l + 8*l + 3*l + 5*l + 3*l**2 - 1. Let j be (-10)/6 - 4/(-6). Give p(j).
4
Let q = 17/24 + -3/8. Let l(x) be the first derivative of -2*x + q*x**3 + 2*x**2 - 1. What is l(-4)?
-2
Let s(y) = -11*y**3 + y**2 - 1. Suppose 5*r + 1 = 6*r. Give s(r).
-11
Let b(o) = -5*o**2 + 2*o + 1. Let h(g) = 6*g**2 - 3*g - 1. Let w(y) = 7*b(y) + 6*h(y). Suppose -5*p = -0*p - 25. Determine w(p).
6
Let i(l) = l**3 - 4*l**2 + 3*l - 6. Let a be i(4). Let o(d) be the third derivative of d**6/120 - 7*d**5/60 + 5*d**4/24 + d**3/2 - 21*d**2. Determine o(a).
-3
Let l(u) be the second derivative of 1/3*u**4 - 2*u - 5/6*u**3 - 1/60*u**5 + 0 + 2*u**2. Let y(a) be the first derivative of l(a). What is y(6)?
7
Let n = -46 - -43. Let c(q) = q + 1. Give c(n).
-2
Let k(t) = t**3 + 3*t**2 - 4*t - 6. Let s(b) = -b**3 - 9*b**2 - 10*b - 20. Let n be s(-8). Give k(n).
-6
Suppose -2*l - 8*l - 50 = 0. Let j be (-26)/(0 - -2)*1. Let g(m) = 2*m**2 - 7*m - 12. Let p(w) = w**2 - 3*w - 6. Let h(i) = j*p(i) + 6*g(i). Give h(l).
-4
Suppose -f + 4 =